 i(-5).
3, 5
Suppose -11 = -3*s + 1. List the prime factors of (-116)/(-14) + s/(-14).
2
Let p(g) be the third derivative of -g**4/24 - g**3/2 - g**2. Suppose 0*h = -h - 6. List the prime factors of p(h).
3
Suppose -5*r + 493 = -447. What are the prime factors of r?
2, 47
Let r(v) be the first derivative of -v**3/3 - 7*v**2/2 + 6*v + 4. What are the prime factors of r(-5)?
2
Let u = -4 - -6. What are the prime factors of ((-7)/u)/((-1)/2)?
7
Let j be (2*1)/((-1)/(-2)). Suppose -j*y + 19 = -3*y. List the prime factors of y.
19
Let k be (-2)/6 + (-10)/(-3). Suppose 0 = -k*z - h + 43, -3*h + 9 = z - 0*h. List the prime factors of z.
3, 5
Suppose 0*d = d - 4. Let p(r) = 6*r**3 - 3*r**2 + r - 2. Let h be p(2). Suppose 0*y - h = -d*y. What are the prime factors of y?
3
Let q = 37 + -54. Let c = q - -28. List the prime factors of c.
11
Suppose -2*b + 0*b = -180. Suppose -b = -5*v - 0*v. What are the prime factors of v?
2, 3
Suppose 3 = -2*y + 1, -5*q = -4*y - 149. List the prime factors of q.
29
Let j(i) = 7*i. Let h(z) = 13*z. Let f(d) = -6*h(d) + 11*j(d). List the prime factors of f(-9).
3
Suppose 0 = 38*k - 39*k + 119. List the prime factors of k.
7, 17
Let f be (3 - 2/(-2)) + -2. Let d be ((-9)/f)/(3/(-4)). Suppose -d = -4*k + 22. List the prime factors of k.
7
Suppose -13*y + 930 = -877. List the prime factors of y.
139
Let r be 12/(-66) - (-31)/(-11). Let h = 6 + r. List the prime factors of h.
3
Suppose 2*h = -0*h + 10. What are the prime factors of 1*(h + 0) - 0?
5
Let h(w) = w + 1. Let l be h(4). Let n = -58 + 90. Suppose z = l*z - n. List the prime factors of z.
2
Suppose 25 = -5*x, 2*m + 22 = -4*x + 8. Suppose -m*l = -6*l + 57. Suppose -r = 4*r - v - 21, 0 = 5*r + v - l. List the prime factors of r.
2
Let v be 1 + -10 - (4 - 4). Let t(u) = u + 2. Let l be t(v). Let h = -4 - l. List the prime factors of h.
3
Suppose 2*u - 2*x - 10 = u, -2*u - 3*x + 27 = 0. List the prime factors of (-56)/u*(-10 + 1).
2, 3, 7
Let j = 17 + -14. Suppose -l = j, 5*q + l - 72 = -0*q. What are the prime factors of q?
3, 5
Let v be 9/(-3 + 3 + -1). Suppose 2*u - u + 21 = 0. Let l = v - u. What are the prime factors of l?
2, 3
Suppose -4*n + 4 = -8, 5*c - 4*n = 233. What are the prime factors of c?
7
Let l(t) = -t**3 + 19*t**2 - 26*t + 30. What are the prime factors of l(17)?
2, 83
Suppose 2*n - p - 14 = 0, 2*n = 4*p - 6*p + 2. Suppose 0 = 3*i, -5*z - n*i = 62 + 83. Let g = 47 + z. List the prime factors of g.
2, 3
Let c(d) be the first derivative of d**2 - 9*d + 2. Let k be c(9). Let r = k + -5. What are the prime factors of r?
2
Let l(c) = 3*c + 1. Let w(b) = b. Let q(p) = -l(p) + 4*w(p). Let v = 13 + -5. List the prime factors of q(v).
7
Let j be (9/3)/(3/(-2)). Let l(n) = -n**2 - 5*n - 2. List the prime factors of l(j).
2
Let u(s) = -8*s - s**2 - 4 + 11 + 0. List the prime factors of u(-6).
19
Let w(m) = -m**3 - 4*m**2 - m - 1. Let x be w(-3). Let k = -2 - x. Let q = 4 + k. List the prime factors of q.
3
Let r = -96 - -58. Let p be (-5)/(-10) + r/4. What are the prime factors of 40/6 - (-6)/p?
2, 3
Suppose -3*z + 13 = -17. Let n = z + -6. What are the prime factors of n?
2
Let n be 4 + -6 - 19*2. What are the prime factors of (-15)/(-4)*n/(-15)?
2, 5
Let a(q) = 21*q - 31. What are the prime factors of a(7)?
2, 29
Let h = 13 - 7. Suppose -3*r + h*r - 21 = 0. Suppose 0 = -2*o + 29 - r. What are the prime factors of o?
11
Let a = 2 - 5. What are the prime factors of (a + -1 - 2)*-3?
2, 3
Let o(h) = -6*h**2 + 10*h + 12. Let l(y) = y**2 - 1. Let q(i) = -5*l(i) - o(i). What are the prime factors of q(11)?
2
Let h(p) = -p + 16. Let z be h(0). Let c be (1 + 0)*1*z. Suppose -2*s - 2*a = -s - c, 4*s - 19 = a. List the prime factors of s.
2, 3
Suppose -r - 24 = 3*r. Let b be ((-12)/10)/(r/20). Suppose b*y - 17 = 15. List the prime factors of y.
2
Suppose -k - 13 = -2*z - 3, -z + 5 = 3*k. Suppose -z*s + 3*s + 12 = 0. What are the prime factors of s?
2, 3
Suppose 2*h - 26 = -2*t, 5*t + h = 2*h + 71. What are the prime factors of t?
2, 7
Let b be (-13)/5 + 10/(-25). Let a(i) = i**3 + 3*i**2 - 2*i - 3. List the prime factors of a(b).
3
Let o(c) = c**2 - 6*c + 8. Let h(i) = 4*i**2 - 4*i - 3. Let y be h(-2). Suppose 0 = -3*a + v + y, 5*a - 48 = v - 13. List the prime factors of o(a).
3, 5
Let u(g) = -g**3 + 6*g**2 + 2*g - 12. Let c be u(6). Suppose 4*h + 0*h - 149 = -5*b, 4*h - 4*b - 140 = c. What are the prime factors of h?
2, 3
Let g(q) = q**2 + 12*q - 2. Let n be g(-12). Let w(o) = -5*o**2 - 3*o. Let k be w(n). Let f = k + 28. List the prime factors of f.
2, 7
Let d(m) = -m**2 + 4*m + 16. What are the prime factors of d(6)?
2
Let i(a) = -7*a**3 - 7 + 0*a + 5*a - 1 + 8*a**2. Let v(q) = 15*q**3 - 17*q**2 - 10*q + 17. Let n(o) = 13*i(o) + 6*v(o). What are the prime factors of n(3)?
2
Let w(m) = 3*m + 3. Suppose -3*d + u + 33 = -2*u, 5*d - 2*u = 43. List the prime factors of w(d).
2, 3
Let j(k) = k - 1 + 2 + 19*k**2 - 6*k + 2*k. Let w(i) = 20*i**2 - 4*i + 1. Let r(y) = 6*j(y) - 5*w(y). What are the prime factors of r(-1)?
13
Let m = -2 - -12. Let i(r) = -r**2 + 6*r + 10. Let o be i(7). Suppose -h = -o*h + m. What are the prime factors of h?
5
Suppose -2*t + 9*t - 714 = 0. What are the prime factors of t?
2, 3, 17
Let h = -16 - -31. What are the prime factors of 4 + h + 2 + -2?
19
Suppose 2*n = 4*n - 4, -12 = -2*y - 4*n. Suppose -5*q + y*o + 2*o + 118 = 0, 3*q - 69 = 3*o. What are the prime factors of q?
2, 13
Let t = -148 + 215. What are the prime factors of t?
67
Let c(s) = -3*s**3 - s + 1. Let o be c(1). Let g be (-36)/44 + 6/(-33). List the prime factors of (o/6)/(g/22).
11
Let f(o) be the second derivative of o**4/12 - 7*o**3/6 + 2*o**2 - o. List the prime factors of f(10).
2, 17
Suppose -9 = -3*g + 21. Let r = g - 3. List the prime factors of r.
7
Let w(l) be the second derivative of -l**5/120 - 5*l**4/24 - l**3/3 + l. Let x(p) be the second derivative of w(p). What are the prime factors of x(-7)?
2
Suppose 7*d - 2042 = -446. What are the prime factors of d?
2, 3, 19
Let l(b) = -2*b**3 + b**2 + b. Let w be l(-1). Let o = -11 + 19. What are the prime factors of 3/w*o/1?
2, 3
Let t(d) = d**3 - 7*d**2 - 8. Let q be t(7). List the prime factors of 4/q*2 + 6.
5
Let c be ((-8)/(-3))/(12/18). Suppose c*k - 1 = 15. What are the prime factors of k?
2
Let q(z) = -1 + 2*z**2 + 1 + 10*z**3 - 1. Let f be q(1). What are the prime factors of f - (-1 - (-1 + 0))?
11
Suppose -180 = 3*l - 6*l. List the prime factors of l.
2, 3, 5
Let h = 18 + 32. Suppose 3*d = -3*w - 15 - 105, -5*d - w - 180 = 0. Let g = h + d. What are the prime factors of g?
3, 5
Suppose 5*o - 3*g - 29 = 19, -3*g - 3 = 0. List the prime factors of o.
3
Suppose 68 = 3*z + 5*c, 0*z + 32 = z + 4*c. List the prime factors of 12/z - (-58)/8.
2
Let u(t) = -6*t**3 - 3*t**2 - t. List the prime factors of u(-2).
2, 19
Let r(m) = 12*m - 101. What are the prime factors of r(13)?
5, 11
Suppose -9*f + 149 = -436. What are the prime factors of f?
5, 13
List the prime factors of 8/(-8)*(2 - 55).
53
Let o(m) = -m**3 - 12*m**2 - 14*m - 16. Suppose 11 - 44 = 3*r. What are the prime factors of o(r)?
17
Suppose 3*s + s - 8 = 0. What are the prime factors of s?
2
Let l be 12/2*(-8)/(-16). Suppose -j + 0*j + l*p - 1 = 0, -13 = -2*j + 3*p. List the prime factors of j.
2, 7
Suppose 3*i = 2*c - 87, 4*c - i - 169 = 4*i. Suppose 4*z + 4 - c = 0. What are the prime factors of z?
2
Let o = 32 + -19. List the prime factors of o.
13
Suppose 4*b - 2*h = 14, 5*b + 2*h - 3*h - 16 = 0. Suppose u = y + 6, -b*y + 10 = -5*u + 32. Suppose -m = -8 - u. List the prime factors of m.
2, 5
Suppose -2*g + 2*k + 4 = 3*k, g - k - 2 = 0. Let b be (21*8/6)/2. Suppose g*n = -4*m - b, 0 = 3*m + 11 + 4. List the prime factors of n.
3
Let j(r) be the first derivative of -r**5/60 - r**4/4 + 3*r**3/2 + r**2 + 2. Let t(q) be the second derivative of j(q). List the prime factors of t(-7).
2
Let w be (-4)/6 + 52/6. Let g = w - 10. List the prime factors of g/(-1)*9/6.
3
Let q(m) = -m**3 + 17*m**2 - 20*m + 3. List the prime factors of q(15).
3, 17
Let d be 44/8 - (-1)/(-2). Suppose -11 = -d*b + 9. What are the prime factors of b?
2
Let y(a) = -3*a - 8. Let f(m) = 48*m + 129. Let u(g) = -2*f(g) - 33*y(g). What are the prime factors of u(3)?
3, 5
Suppose -3*y = -3*c + 9, 4*c - 